1915 + 1913)
16
21 - (38 + -47 + 28)
2
What is the value of -12 - (8 - ((14 - 2) + -3 - -3))?
-8
4 - (-19 - (-35 - -23) - (-2 + -13))
-4
What is the value of 22 - (-25 - -23) - (-9 - 11)?
44
What is -34 - (-34 + 13 - -21 - (-3 + 3))?
-34
Calculate -3 - 10 - (-8 - (-3 - (13 + -15))).
-6
Calculate (-6 - (30 + -15)) + 71 + 8.
58
What is 325 - 315 - (-1 + 1 + 4)?
6
Calculate (9 - 37) + 45 + -27.
-10
What is 2 - -65 - (-1 + -17 + 15 - 8) - 9?
69
Calculate 34 - (-23 + 74 - 5).
-12
What is the value of (-4 - (6 - 9)) + 3 + (27 - -40)?
69
What is the value of 1 - -12 - (-45 - (55 + -63))?
50
(-5 + (-16 - 9) - 36) + 0
-66
56 + (1 + -1 - 6) + (59 - 88) + 40
61
8 - (-2 - -53 - 40)
-3
(-10 - -6) + (1 - -1) - 30
-32
(-7 + 68 - -1) + -3 + -2 + -13 + 16
60
What is (16 - 21 - 6) + -43 - (4 - 5 - 0)?
-53
Calculate -1 + -5 - (22 - ((4 - -14) + 27)).
17
Calculate -134 + (-1 - -11) - (4 + -10 + 16 - 10).
-124
What is -87 - 5 - ((1 + -11 - -17) + 9 - 12)?
-96
2 - 54 - 1 - (-57 + (52 - 4))
-44
-38 + -20 + 29 + 62 + 31
64
Evaluate -41652 + 41650 - (-1 + -2 - 1).
2
Evaluate 16 + (52 - (31 + 5)).
32
What is the value of -12 + 2 + -38 + -16 + 24?
-40
Evaluate -1 - (0 - 16) - (2193 - 2180).
2
What is the value of 6 - (-3 - 21 - -43) - -15?
2
What is -2 + -44 + (-12 - (-25 + 12)) + 1?
-44
Calculate (29 - 32 - (1 + 10)) + 101 + (1 - 0).
88
Evaluate (-20 + -9 - -21) + -7 + -20 + 8.
-27
Evaluate (-49 - -110) + -30 + (71 - 1).
101
What is the value of 1 + -49 - (18 + (22 + -2 - 29))?
-57
Calculate 8 + 18 + 214 + -102 + -40.
98
What is 43 + -37 - -4 - (4 - 6 - 4 - 65)?
81
Evaluate (64 - 34) + 2 + -18 - (6 + 1).
7
Evaluate (-58 - 28) + 26 + 20 - -22.
-18
Evaluate (-1 - 9) + -25 + 23 + -8.
-20
14 + 3 - (-30 + 26 - -87) - (10 + -1)
-75
What is the value of (2 - -3) + (28 + -72 - -31) + 29?
21
Evaluate (1 - 18) + (92 - (28 - (35 - 16))).
66
What is the value of (4407 - 4381) + 0 + -45?
-19
Evaluate -4 + -5 + 9 - (-77 - -40).
37
What is the value of -1 - (-3 + 11 + (-32 + 2 - 22))?
43
Calculate -25 + 1 + 0 - (-1706 + 1718).
-36
Evaluate -78 + 77 - (0 - 81) - (20 + -17 + -11).
88
Evaluate -52 + 57 - (20 - 17) - 48.
-46
Evaluate 26 + (1258 - 1304 - (0 + 30)).
-50
Evaluate -21 - (-50 - (16 - -8 - 57)).
-4
What is -17 - (-7 - 1) - (16 - (6 + (-2 - -4)))?
-17
What is the value of -2 + (3 - -39) + (7 - (7 + 0))?
40
-43 - 12 - (-905 - -950)
-100
98 - 17 - 79 - (-1 + (2 - -33))
-32
(1692 - 1694) + (6 - ((-128 - 0) + 6))
126
Evaluate (0 - -39) + (-101 - (-136 + 30)).
44
Calculate -10 - (-5 + 0 - (-18 - (13 - 20) - 14)).
-30
What is -31 - -35 - 8 - 30?
-34
Evaluate (2 - 34 - (-124 + 87)) + -3 + 7.
9
What is -10 + -3 + -13 + 36 - -11 - -8?
29
52 - (-74 - (20 + -147))
-1
What is the value of -801 - -771 - (6 - (-6 + 139))?
97
What is the value of 6188 - 6132 - (1 + 144)?
-89
Evaluate 15 + (-1 + 3 - 17) + (1 - (-147 + 77)).
71
Calculate 10 + 11 + -22 + 6 + -1 + -4.
0
What is 89 + 12 - (1 + (-6 - 5) + (27 - 19))?
103
What is the value of (2 - (-8 - (6 + 4))) + -56?
-36
Evaluate -24 - 0 - (35 + 19 + -15 + -33).
-30
What is the value of -62 - (-45 + 54 + -33)?
-38
What is -22 + -12 + (-11 - -38) - (65 + 40)?
-112
What is the value of (50 - (64 + 12)) + 10?
-16
48 + (-45 - -9 - 11)
1
18199 + -18186 + 0 + -1 + -26 + -2
-16
What is -183 + 189 - (-42 + 6 + -7)?
49
What is -81 - (-2 - (116 - 59))?
-22
Calculate 124 + (-271 - -163) - (-2 - -1 - 88).
105
Calculate -9 + 1 + ((-5 - 5) + 10 - (-23 + 19)).
-4
What is the value of -99 - (72 - (73 - -41))?
-57
What is (3 - (7 + -53)) + 66 + -92?
23
2 + 67 - (-2519 + 2653)
-65
Calculate 93 + -126 + (1 - 2 - 6) + -324 + 327.
-37
Evaluate -24 + 1 + 0 + (-15224 - -15281).
34
Evaluate 92 + (-105 + 120 - 125).
-18
What is (8 + -4 - 4) + -3 + (-21 - 12 - -7)?
-29
What is the value of (20 - 35) + 40 - 20 - 66?
-61
-6 + 9 - (35 - 53) - 7
14
What is -1 - -44 - (-72 - 14 - -99)?
30
Calculate -11 + (3 + 5 - (-9 - -17)) + -20.
-31
Calculate -27 - (-207 - -58 - -66).
56
What is -28 - (-20 + 6 + 2 + 9 - -3)?
-28
Calculate -36 + 18 + -4 + 4.
-18
What is the value of 73 + 43 + -111 + 18?
23
What is the value of 19 + 0 + -1 - (173 + -69 - 115)?
29
What is 45 + (-5 - (16 + 30))?
-6
Calculate 49 - (53 - 19) - ((4 - 0) + 0).
11
What is the value of 52 + (2 - 15) + -5 + (-30 - -21 - -15)?
40
What is the value of -1150 + 1160 - (-75 + 5)?
80
Calculate 31 + 20 + -10 + -24.
17
What is 2 - (11 + -8) - ((2 - 5) + -44)?
46
What is the value of (66 - 70) + (3 - 95) - -22?
-74
What is the value of -769 - -801 - (4 + -1 + 0 + -5 - -4)?
30
What is the value of 90 + -1 + 4 + -15 + 23 + (-22 - -14)?
93
What is the value of 9 + 11 + 2 + -21 + (2 - 6)?
-3
What is the value of -28 + (28 - 13 - -2) + -31 + 22?
-20
52 + -7 + (0 + 11 - -1) + -2
55
What is the value of 2 + (1 + 10 - (-138 - (-60 - 26)))?
65
Evaluate (-27 - -10) + (1 + -13 - (-81 - -77)).
-25
What is (62 - -1) + 3381 + -3324 + 0 + -58?
62
What is (102 - 99) + 56 + 16?
75
What is 9 + -20 - (211 - 160)?
-62
What is the value of 58 + (117 - 292) - -79?
-38
Evaluate -69 + -1 - (-33 + 11 - 2).
-46
Calculate -22 + -40 + 102 + -26.
14
What is the value of (-1 - -25) + 18 - 19?
23
What is the value of -25 + (12 + -15 - 3 - (1 - -6))?
-38
What is -12 + 33 + (-8 - -23) + 3 + -9?
30
Evaluate 1 - (3 - 24) - (9 - (10 + -6) - 14).
31
Evaluate -1055 - -1114 - (-15 - (-6 + 1)).
69
What is -10 - (11 + (12 - 33 - -18))?
-18
Calculate 8 - (-15 - ((25 - 49) + 47)).
46
Evaluate -21 + 17 + (-9 - -17 - 93 - (0 - 13)).
-76
Evaluate (26 - (1 - -3)) + 480 + -491.
11
Calculate (0 - (17 + -1)) + (-17 + 32 - 3) + 97.
93
What is the value of -58 + 2 + -2230 + 2252?
-34
What is -47 - 0 - (776 - 748 - (1 - -24))?
-50
What is the value of 2 - 10 - -43 - (37 - 31)?
29
Evaluate -30 + 2 + 61 + 43 + -124.
-48
Calculate -3 + 3 + (-11 + 9 - (8 - 8)).
-2
What is the value of (2131 - 2113) + (3 - (22 - 4)) + 3?
6
-5 - (-13 - -109 - 65) - (1 + -13)
-24
What is the value of -27 + 4 + -54 + 58?
-19
(-10 - (1 - ((9 - 0) + -8))) + 73
63
-21 + 0 + (-208 - -200) - -2
-27
Evaluate (23 - -2) + -9 + (-34 - -27).
9
What is -9 - (7 - 7) - 2 - (-95 + (25 - 12))?
71
What is 9 - (40 + (-9 + -2 - (-7 + 48 - 37)))?
-16
What is the value of 17 - 4 - 36 - (-2 + (-9 - -2))?
-14
920 - 1023 - ((-15 - 4 - -5) + 0)
-89
Evaluate 9 + (27 - (15 + -10 + 1 - -7)).
23
What is 117 - (-1 + -2) - (270 - 275)?
125
What is the value of 588 - 546 - (4 - -2)?
36
What is (16 - (7 + -49)) + -148?
-90
-16 - -43 - (211 - 209)
25
What is the value of -26 - ((5 - 10) + -113)?
92
What is the value of 44 - (26 - 4 - -6)?
16
What is (-9 - -1 - (-41 + 61 - 24)) + -3 + -5?
-12
What is the value of 14 + (-55 - (-16 - (8 - (-7 - -24))))?
-34
Calculate -79 + -138 + 134 - 47.
-130
What is the value of -3 + (31 - (3 - 6)) + (-397 - -399)?
33
Calculate (0 - -94) + (18 - 85) + 23 + 24.
74
What is the value of -1 + 13 + -35 + 70 + 40 + -16?
71
Evaluate -42 + (18 - (-3 - 30)).
9
What is (2 + -88 - -40) + -16?
-62
What is the value of 156 + (79 - 172) + -27?
36
Calculate (73 - 71 - (2 + -11)) + (5 - 5 - 20).
-9
Calculate (15 - -9) + 28 + -19 + -20 + 8 + -2.
19
What is the value of (-10 - (5 - 10)) + 12 + 36 - 3?
40
Evaluate 27 + (120 + -111 - (2 - -3)) + 4.
35
What is (0 - ((-23 - -7) + 13)) + 9?
12
What is the value of (28 - (-47 + 27)) + -28 - 3?
17
What is the value of -16 - (489 - 522 - (3 - -49))?
69
What is -4 + -6 + 22 - (-90 + 140)?
-38
What is the value of -78 + 3 - (1439 - 1503)?
-11
Evaluate 35 + -16 + 8 + -13 - 0.
14
Evaluate 79 + 93 + -360 + 83.
-105
What is the value of -73 - ((-110 - -38) + 47)?
-48
Evaluate -22 - ((-48 - 12) + 28).
10
Calculate -1 + 6 + -32 - (44 + -131).
60
296 + -322 - (0 + -26) - -23
23
Evaluate (-121 - (-10 - 91)) + -3 + 0 + 0.
-23
What is the value of (53 - (-7 + 32)) + 7?
35
Calculate -4 + 3 - (13 + (52 - (-17 - -22))).
-61
Calculate 13 - (9 + (-12 - (-1 - (-7 + 8)) - -112)).
-98
What is 80 + -152 + 70 + -74?
-76
Calculate 152 + -178 + -3 + 7.
-22
3 + (-31 - 2 - (12 + 2 + 1 + -16))
-29
What is the value of 53 + (-53 - -4) - 11?
-7
What is the value of 10 + -12 + (20 - 8) - -33?
43
Calculate -28 + 74 + -41 - 49.
-44
What is -48 + 152 - 100 - (59 - 2)?
-53
Evaluate -4644 + 4739 - (146 + 0).
-51
(43 - 13) + (-93 + 23 - -11)
-29
1 + (-32 + 20 - -28) - 4
13
(-11 - (-51 - -17)) + (-2 - 40)
-19